{"id":55,"date":"2025-02-17T17:37:38","date_gmt":"2025-02-17T17:37:38","guid":{"rendered":"https:\/\/hoypordany.com\/?page_id=55"},"modified":"2025-02-17T18:20:13","modified_gmt":"2025-02-17T18:20:13","slug":"terminos-y-condiciones","status":"publish","type":"page","link":"https:\/\/hoypordany.com\/index.php\/terminos-y-condiciones\/","title":{"rendered":"Terminos y Condiciones"},"content":{"rendered":"<div class=\"wp-block-group has-global-padding is-layout-constrained wp-block-group-is-layout-constrained\"><h1 class=\"wp-block-heading has-text-align-center\">T\u00e9rminos y Condiciones de la Rifa<\/h1>\n\n<h2 class=\"wp-block-heading\">Aviso legal<\/h2>\n\n<p class=\"has-contrast-dark-color has-text-color has-link-color has-superbfont-small-font-size wp-elements-e508199ae75ec526812098328c228b63\">Los T\u00e9rminos y Condiciones de la Rifa de <strong>\u00abHoy por Dany, Ma\u00f1ana por Todos\u00bb<\/strong> son un conjunto de t\u00e9rminos l definidos por los organizadores de la rifa. Establecen las reglas y condiciones que rigen la participaci\u00f3n en la rifa, as\u00ed como la relaci\u00f3n legal entre los participantes organizadores.<\/p>\n\n<h2 class=\"wp-block-heading\">T\u00e9rminos y Condiciones: Aspectos Fundamentales<\/h2>\n\n<ol class=\"wp-block-list\"><li class=\"has-fontsecondary-font-family has-superbfont-small-font-size\">Venta de Boletos: Se pondr\u00e1n a la venta un total de 1000 boletos para la rifa.<\/li>\n\n<li class=\"has-fontsecondary-font-family has-superbfont-small-font-size\">Ganador Asegurado: Todos los boletos vendidos tendr\u00e1n la oportunidad de ganar. El n\u00famero ganador ser\u00e1 determinado por los \u00faltimos 4 d\u00edgitos del sorteo de la Loter\u00eda Nacional del 10 de Mayo.<\/li>\n\n<li class=\"has-fontsecondary-font-family has-superbfont-small-font-size\">L\u00edmite de Compra: No hay l\u00edmite en la compra de boletos. Cada contribuci\u00f3n cuenta y aumenta las posibilidades de ganar.<\/li>\n\n<li class=\"has-fontsecondary-font-family has-superbfont-small-font-size\">Destino de los Fondos: Esta es una rifa sin fin de lucro, todos los fondos recaudados ser\u00e1n destinados a ayudar a Daniela Ramos en su tratamiento y recuperacion.<\/li><\/ol><\/div>","protected":false},"excerpt":{"rendered":"<p>T\u00e9rminos y Condiciones de la Rifa Aviso legal Los T\u00e9rminos y Condiciones de la Rifa de \u00abHoy por Dany, Ma\u00f1ana por Todos\u00bb son un conjunto de t\u00e9rminos l definidos por los organizadores de la rifa. Establecen las reglas y condiciones que rigen la participaci\u00f3n en la rifa, as\u00ed como la relaci\u00f3n legal entre los participantes [&hellip;]<\/p>\n","protected":false},"author":1,"featured_media":0,"parent":0,"menu_order":0,"comment_status":"closed","ping_status":"closed","template":"superbaddons-page-template","meta":{"footnotes":""},"class_list":["post-55","page","type-page","status-publish","hentry"],"_links":{"self":[{"href":"https:\/\/hoypordany.com\/index.php\/wp-json\/wp\/v2\/pages\/55","targetHints":{"allow":["GET"]}}],"collection":[{"href":"https:\/\/hoypordany.com\/index.php\/wp-json\/wp\/v2\/pages"}],"about":[{"href":"https:\/\/hoypordany.com\/index.php\/wp-json\/wp\/v2\/types\/page"}],"author":[{"embeddable":true,"href":"https:\/\/hoypordany.com\/index.php\/wp-json\/wp\/v2\/users\/1"}],"replies":[{"embeddable":true,"href":"https:\/\/hoypordany.com\/index.php\/wp-json\/wp\/v2\/comments?post=55"}],"version-history":[{"count":4,"href":"https:\/\/hoypordany.com\/index.php\/wp-json\/wp\/v2\/pages\/55\/revisions"}],"predecessor-version":[{"id":63,"href":"https:\/\/hoypordany.com\/index.php\/wp-json\/wp\/v2\/pages\/55\/revisions\/63"}],"wp:attachment":[{"href":"https:\/\/hoypordany.com\/index.php\/wp-json\/wp\/v2\/media?parent=55"}],"curies":[{"name":"wp","href":"https:\/\/api.w.org\/{rel}","templated":true}]}}